, -5*n = 0. Let m(w) = 11*w + 24*w - 2 - 10*w. What is the remainder when m(1) is divided by l?
11
Let g = -52 + 56. Calculate the remainder when 22 is divided by 12/((-6)/g + 3).
6
Let i = -13 - -24. Calculate the remainder when (i/2)/((-6)/(-60)) is divided by 8.
7
Let z = -310 - -364. What is the remainder when z is divided by 5?
4
Suppose 10*x + 30 = 9*x. Let s = 0 - -59. What is the remainder when s is divided by 18 - (39/15 + (-12)/x)?
14
Suppose 2*t - 24 = -4*b, 5*b = -4*t + 1 + 35. What is the remainder when 29 is divided by b?
1
Suppose 4*s + 273 = 11*s. Suppose -4*h = -0*h - 40. Calculate the remainder when s is divided by h.
9
Let s(b) = -3*b**3 + 0*b**2 + 22 - 11*b**2 + 2*b**3 - 4*b**2. Calculate the remainder when (252/16)/1*4 is divided by s(-15).
19
Let y = -98 - -294. What is the remainder when y is divided by 66?
64
Suppose q + 3*q = 4*u + 256, -6 = 2*u. What is the remainder when q is divided by 32?
29
Suppose h - 44 = 2*v, 2*h = 5*h + 4*v - 92. Let g(d) = 38*d + 10. Let o be g(6). What is the remainder when h is divided by o/18 - (-2)/(-9)?
10
Let g(o) = 56*o - 281. What is the remainder when g(7) is divided by 56?
55
Suppose 218*a = 213*a + 105. What is the remainder when 89 is divided by a?
5
Let k(f) = 11*f + 23. What is the remainder when 2 is divided by k(-2)?
0
Let r = 28 + -96. Let i = 99 + r. What is the remainder when 121 is divided by i?
28
Suppose 4*g - 225 = -r + 172, -2*g + 203 = 5*r. Calculate the remainder when g is divided by 10.
9
Let y(o) = -o**2 - 6*o + 5. Let z be y(-8). Let r = -8 - z. Suppose 0*a - 42 = -r*q + 5*a, -42 = -3*q - 4*a. What is the remainder when 53 is divided by q?
11
Suppose 2*s = 2*k + 38, 24 = 4*s + 4*k - 12. What is the remainder when 99 is divided by s + -1 + -4*3/(-3)?
14
Suppose -2*v = -2, 4*o + o - 580 = -5*v. Suppose 3*h - 2*p - o = 0, 4*h - 3*h - 41 = -2*p. Let i = 2 + 18. Calculate the remainder when h is divided by i.
19
Suppose -2*q = 0, -3*q = 2*j - 0*j. Suppose j = -8*h - 121 + 825. What is the remainder when h is divided by 15?
13
Suppose 3*z - 3*w = 57, 2*z = 4*w - 3*w + 33. What is the remainder when z is divided by 8/((-2)/4*-2)?
6
Suppose 0*u - 2*u + 6 = 0. Let q be (u/(-6))/((-5)/1930). Suppose 2*j - 190 = -2*r, -2*j + q = 3*r + 2*r. Calculate the remainder when j is divided by 32.
30
Let z = 26 - 26. Suppose 5*q - 5*a + a - 106 = z, -4*q = -2*a - 86. Calculate the remainder when 41 is divided by q.
19
Suppose t + 5*f = f + 214, -655 = -3*t + f. Suppose 0 = 8*v - t - 630. What is the remainder when v is divided by 16?
10
Let k be 10/25 + 8/5. Suppose 3*a + 99 = 4*h + 2*a, -k*a = h - 36. Let j(q) = -q**2 + 16*q + 43. Calculate the remainder when h is divided by j(18).
5
Suppose 3*m + 115 = 4*h, 2 - 4 = 2*m. What is the remainder when 7/(-42) - 157/(-6) is divided by ((-3)/3)/((-2)/h)?
12
Suppose 1690 = 4*p + v, 104 - 1802 = -4*p - 5*v. Calculate the remainder when p is divided by 85.
82
Let h = -39 + 70. Suppose 2*g - h = 5. What is the remainder when g is divided by 4?
2
Let l = 1414 + -1123. What is the remainder when l is divided by 21?
18
Suppose 0 = 3*s - 3 + 12. Let g = 0 - s. Let x(r) = 4*r + 3. What is the remainder when 27 is divided by x(g)?
12
Let u = 23 + -10. Let w = 23 - u. Suppose -4*x + 2*v - v = -134, -5*v + w = 0. Calculate the remainder when x is divided by 7.
6
Suppose -2*j - 3*p + p = 2, j - 5 = p. Suppose 2*r = m + 27, 3*m + 1 + j = 0. What is the remainder when 62 is divided by r?
10
Let t(c) = c**3 - 7*c**2 + 3*c - 5. Let a be t(6). Calculate the remainder when (2 - 1 - 2)*(0 + a) is divided by 5.
3
Let x(p) = 10*p**3 - 2*p**2 - p. Suppose 30 = 2*b - 2*t, 9*b + t - 93 = 4*b. Calculate the remainder when x(2) is divided by b.
16
Calculate the remainder when (230/(-40))/((-1)/8) is divided by 17.
12
Let r = 0 - -39. Let n = -25 - 3. Let i = r + n. What is the remainder when 41 is divided by i?
8
Suppose 5*g = 7*g - 84. Let r = -31 + g. What is the remainder when r is divided by 5?
1
Suppose 3*y - 2*y = -3*w + 80, -4*y - 4*w = -352. Suppose -14*p = -272 - y. Calculate the remainder when p is divided by 14.
12
Let j = -2016 + 2327. Calculate the remainder when j is divided by 15.
11
Suppose f - 32 = -4*f - h, 5*f - 38 = -4*h. Calculate the remainder when f is divided by (390/65)/(-3*(1 + -2)).
0
Let a be (-4)/4 + 3 + 1. Suppose 2*d - 335 = -a*d. Calculate the remainder when d is divided by 14.
11
Suppose 5*k - 10 = 105. Let v = 85 + -24. Suppose -121 = -14*a + v. Calculate the remainder when k is divided by a.
10
Suppose 4*s - 46 = 122. What is the remainder when 108 is divided by s?
24
Suppose -3*z + 10*d + 61 = 12*d, 0 = 2*d - 4. What is the remainder when 168 is divided by z?
16
Suppose -2*m + 243 = 3*j + 65, 0 = m - 2. What is the remainder when 346 is divided by j?
56
Let j = -1260 - -1266. Calculate the remainder when 10 is divided by j.
4
Let x(s) = 2*s**2 - 8*s + 20. Calculate the remainder when x(4) is divided by 7.
6
Let g(j) = -j**3 - 4*j**2 + j + 9. Let u be g(-6). Suppose 7*x - u = 2*x. Calculate the remainder when 42 is divided by x.
12
Calculate the remainder when -5*4/70 - 352/(-7) is divided by 9.
5
Suppose 0 = 8*d - 3*d - 30. Calculate the remainder when 54 is divided by 117/d - (-1)/(-2).
16
Let m(j) = -j**3 - 17*j**2 - 15*j + 16. Let s be m(-16). Suppose 0 = 2*w - o - 123, s = -4*w + 9*w - o - 306. What is the remainder when w is divided by 32?
29
Suppose 2*h - 170 = -4*u, -3*u + 231 = 5*h - 201. Suppose -3*j = 3*z - h, -5*z + z + 20 = j. What is the remainder when j is divided by 7?
4
Let t = 1191 + -1027. What is the remainder when t is divided by 21?
17
Let t(q) = -16*q**3 - q**2 + 1. Let s be t(1). Let x = 18 + s. What is the remainder when 4 is divided by x?
0
Let p(x) = -x**3 - 4*x**2 + 6*x + 7. Let c be p(-5). Suppose 2*u + c*l - 30 = 5*l, 2*l = -3*u + 58. What is the remainder when u is divided by 4?
2
Let o = 1 + 9. Let j = o + 40. What is the remainder when j is divided by 17?
16
Suppose 0 = 2*f + 3 + 3. Calculate the remainder when 38*f*4/(-8) is divided by (464/(-40))/(4/(-10)).
28
Suppose 0 = -2*p + 8, 0 = q + 5*p - 12 - 10. Suppose 4*m - 2 = 3*f, -2*m = -4*f - 0*m + 4. What is the remainder when (4/6)/(f/6) is divided by q?
0
Calculate the remainder when 7 + (2 + 1)/(57/8873) is divided by 34.
32
Suppose 7*b + 32 = 25. Let s(a) = a**2 + 7*a + 8. Calculate the remainder when s(6) is divided by (-18)/12*((-41)/3 + b).
20
Suppose d - 4*r - 18 = -0*r, -2*r = -4*d + 58. Suppose -3*x + 64 = 2*j, -j - 31 - 67 = -5*x. Calculate the remainder when x is divided by d.
6
Suppose 5*i - 4*d - 40 = -9*d, 0 = d - 5. Suppose 2*s - 76 = a, i*s + 5*a - 90 = 37. Let x = 5 - -5. What is the remainder when s is divided by x?
9
Let d = -23 - 5. Let b be (2 - d/(-12))*-27. Let u = 6 + b. Calculate the remainder when 29 is divided by u.
14
Let x(q) = 6*q**2 - 17*q + 20. What is the remainder when x(8) is divided by 10?
8
Let u = -99 + 101. Suppose 0 = -u*p + 3 + 91. Calculate the remainder when 186 is divided by p.
45
Let f(c) = c**2 - 3*c. Let s = -12 + 5. Let l be f(s). Suppose 2*t + 60 + l = 4*h, 158 = 5*h + 2*t. What is the remainder when h is divided by 11?
10
Let c = 0 - -1. Let a be (-4)/(-2) - c - -11. What is the remainder when (-9)/(-2) - 6/a is divided by 4?
0
Let g(o) = o**3 + 6*o**2 - 7*o + 4. Let c = -233 + 250. Calculate the remainder when c is divided by g(-7).
1
Suppose 87 = 3*x - 78. What is the remainder when x is divided by (21/(-14))/((0 - -2)/(-20))?
10
Let r = 129 - 40. Calculate the remainder when r is divided by 31.
27
Suppose 0 = -5*v - 2*k - 214, v + k + 23 = -18. Let u = v - -68. Calculate the remainder when u is divided by 7.
3
Let f be ((-21)/14)/((-6)/16). Suppose 2 = 2*i - o, 5*i + 20 = -f*o - 1. What is the remainder when 24 is divided by 168/18 - i/(-3)?
6
Suppose 0 = -2*o - 2*p + 98, p + 245 = 5*o - 2*p. What is the remainder when o is divided by 15 - (2 - 0/(-1))?
10
Let y(k) = 2*k**2 - 7*k + 1. Let d(x) = -2 + 2 - 4*x**2 + 3*x**2 - 1 + 6*x. Let r(h) = 3*d(h) + 2*y(h). Calculate the remainder when r(-8) is divided by 8.
7
Suppose -71*q = -36*q - 2765. Calculate the remainder when q is divided by 12.
7
Let q = -104 + 133. Let u = -79 + 98. Calculate the remainder when q is divided by u.
10
Suppose -2*w